{"id":468,"date":"2012-04-20T14:44:24","date_gmt":"2012-04-20T14:44:24","guid":{"rendered":"https:\/\/www.comapanuevolaredo.gob.mx\/sitio\/?page_id=468"},"modified":"2012-04-20T16:44:55","modified_gmt":"2012-04-20T16:44:55","slug":"agua-potable-y-alcantarillado","status":"publish","type":"page","link":"https:\/\/www.comapanuevolaredo.gob.mx\/sitio\/agua-potable-y-alcantarillado\/","title":{"rendered":"Agua potable y alcantarillado"},"content":{"rendered":"<p class=\"tit1\"><strong>Agua potable y alcantarillado<\/strong><\/p>\n<p>La disponibilidad de agua se refiere al volumen total de l&iacute;quido que hay en una regi&oacute;n. Para saber la cantidad existente para cada habitante se divide el volumen de agua entre el n&uacute;mero de personas de una poblaci&oacute;n.<\/p>\n<p>En nuestro pa&iacute;s hay diferencias muy grandes en cuanto a la disponibilidad de agua. Las zonas centro y norte de M&eacute;xico son, en su mayor parte,&aacute;ridas o semi&aacute;ridas: <strong>los estados norte&ntilde;os<\/strong>,por ejemplo, apenas <strong>reciben 25% de agua de lluvia<\/strong>. En el caso de <strong>las entidades del sureste<\/strong> (Chiapas, Oaxaca, Campeche, Quintana Roo, Yucat&aacute;n, Veracruz de Ignacio de la Llave y Tabasco) es lo contrario, &eacute;stas <strong>reciben casi <\/strong>la mitad del agua de lluvia<strong> (49.6%)<\/strong> y en las del sur, tambi&eacute;n llueve mucho, no obstante, sus habitantes tienen menor acceso al vital l&iacute;quido, pues no cuentan con los servicios b&aacute;sicos, como es agua entubada dentro de la vivienda.<\/p>\n<p>En el <strong>Valle de M&eacute;xico<\/strong> se encuentra la <strong>disponibilidad anual m&aacute;s baja de agua<\/strong> (apenas 186 m<SUP>3<\/SUP>\/hab); en caso contrario se encuentra la frontera sur (m&aacute;s de 24 mil m<SUP>3<\/SUP>\/hab.).<\/p>\n<p align=\"center\"><img loading=\"lazy\" decoding=\"async\" src=\"https:\/\/www.comapanuevolaredo.gob.mx\/sitio\/wp-content\/uploads\/2012\/04\/disponibilidad.gif\" width=\"475\" height=\"393\"><br \/>\n<span class=\"fuente\">Fuente: SEMARNAT. &iquest;Y el medio ambiente? Problemas en M&eacute;xico y el mundo. M&eacute;xico, SEMARNAT, 2008. <\/span><\/p>\n<p>&nbsp;<\/p>\n<p>Debido al crecimiento de la poblaci&oacute;n, <strong>la disponibilidad de agua ha disminuido<\/strong> de manera considerable: <strong>en 1910<\/strong> era de <strong>31 mil m<SUP>3<\/SUP> por habitante<\/strong> al a&ntilde;o; para <strong>1950<\/strong> hab&iacute;a disminuido hasta un poco m&aacute;s de <strong>18 mil m<SUP>3<\/SUP><\/strong>; en <strong>1970<\/strong> se ubic&oacute; por debajo de los <strong>10 mil m<SUP>3<\/SUP><\/strong> y, en el <strong>2005<\/strong>, era de <strong>4 573 m<SUP>3<\/SUP><\/strong> anuales por cada mexicano.<\/p>\n<table width=\"100%\">\n<tr>\n<td align=\"center\">\n<div id=\"sc1\" class=\"switchcontent\">\n<table cellpadding=\"5\">\n<tbody>\n<tr>\n<td bgcolor=\"#CEDFFF\">\n<blockquote class=\"PostContent\"><p>A nivel nacional, Baja California Sur es el estado donde llueve menos y Tabasco, donde llueve m&aacute;s. <\/p><\/blockquote>\n<\/td>\n<\/tr>\n<\/tbody>\n<\/table><\/div>\n<\/td>\n<\/tr>\n<\/table>\n<p>En M&eacute;xico, en los &uacute;ltimos a&ntilde;os, el n&uacute;mero de personas que cuentan con agua entubada dentro de su vivienda se ha incrementado; <strong>en el 2005, s&oacute;lo 12% no recib&iacute;a agua dentro de la vivienda<\/strong>, lo cual significa que 12 millones de personas se abastec&iacute;an de agua de pozo, r&iacute;os o arroyos, de la llave p&uacute;blica o de otra vivienda.<\/p>\n<p>Por entidad federativa, el n&uacute;mero de personas que cuentan con agua potable se ha modificado en los &uacute;ltimos a&ntilde;os.\n                                      <\/p>\n<table width=\"75%\" border=\"0\" align=\"center\" cellspacing=6>\n<tbody>\n<tr>\n<td valign=\"middle\">\n<div onClick=\"expandcontent(this, 'Def tabla1')\" style=\"cursor:hand; cursor:pointer\">\n<table>\n<tr>\n<td> <strong>Porcentaje de la poblaci\u00f3n con servicio de agua potable por entidad federativa, 1990, 2000, 2005 y 2006<\/strong><\/td>\n<\/tr>\n<\/table><\/div>\n<div id=\"Def tabla1\" class=\"switchcontent\" align=\"center\">\n<table width=\"100%\">\n<tbody>\n<tr>\n<td>\n<table border=\"1\" cellpadding=\"3\" cellspacing=\"3\" bordercolor=\"#66CC33\">\n<tr bgcolor=\"#66CC33\">\n<td width=\"228\"><strong><font color=\"#FFFFFF\">Entidad federativa<\/font><\/strong><\/td>\n<td width=\"56\">\n<div align=\"center\"><strong><font color=\"#FFFFFF\">1990<\/font><\/strong><\/div>\n<\/td>\n<td width=\"47\">\n<div align=\"center\"><strong><font color=\"#FFFFFF\">2000<\/font><\/strong><\/div>\n<\/td>\n<td width=\"50\">\n<div align=\"center\"><strong><font color=\"#FFFFFF\">2005<\/font><\/strong><\/div>\n<\/td>\n<td width=\"69\">\n<div align=\"center\"><strong><font color=\"#FFFFFF\">2006<\/font><\/strong><\/div>\n<\/td>\n<\/tr>\n<tr>\n<td><strong>Estados Unidos Mexicanos<\/strong><\/td>\n<td>\n<div align=\"right\"><strong>77.7<\/strong><\/div>\n<\/td>\n<td>\n<div align=\"right\"><strong>88.5<\/strong><\/div>\n<\/td>\n<td>\n<div align=\"right\"><strong>89.5<\/strong><\/div>\n<\/td>\n<td>\n<div align=\"right\"><strong>89.6<\/strong><\/div>\n<\/td>\n<\/tr>\n<tr>\n<td>Aguascalientes<\/td>\n<td>\n<div align=\"right\">94.8<\/div>\n<\/td>\n<td>\n<div align=\"right\">98.4<\/div>\n<\/td>\n<td>\n<div align=\"right\">97.9<\/div>\n<\/td>\n<td>\n<div align=\"right\">98<\/div>\n<\/td>\n<\/tr>\n<tr>\n<td>Baja California<\/td>\n<td>\n<div align=\"right\">77.6<\/div>\n<\/td>\n<td>\n<div align=\"right\">93.5<\/div>\n<\/td>\n<td>\n<div align=\"right\">95.3<\/div>\n<\/td>\n<td>\n<div align=\"right\">93.3<\/div>\n<\/td>\n<\/tr>\n<tr>\n<td>Baja California Sur<\/td>\n<td>\n<div align=\"right\">87.2<\/div>\n<\/td>\n<td>\n<div align=\"right\">94.5<\/div>\n<\/td>\n<td>\n<div align=\"right\">87.6<\/div>\n<\/td>\n<td>\n<div align=\"right\">86.7<\/div>\n<\/td>\n<\/tr>\n<tr>\n<td>Campeche<\/td>\n<td>\n<div align=\"right\">68.6<\/div>\n<\/td>\n<td>\n<div align=\"right\">84.5<\/div>\n<\/td>\n<td>\n<div align=\"right\">89.2<\/div>\n<\/td>\n<td>\n<div align=\"right\">89.5<\/div>\n<\/td>\n<\/tr>\n<tr>\n<td>Coahuila de Zaragoza<\/td>\n<td>\n<div align=\"right\">91.1<\/div>\n<\/td>\n<td>\n<div align=\"right\">99.2<\/div>\n<\/td>\n<td>\n<div align=\"right\">97.3<\/div>\n<\/td>\n<td>\n<div align=\"right\">97.9<\/div>\n<\/td>\n<\/tr>\n<tr>\n<td>Colima<\/td>\n<td>\n<div align=\"right\">91.3<\/div>\n<\/td>\n<td>\n<div align=\"right\">97.6<\/div>\n<\/td>\n<td>\n<div align=\"right\">98.3<\/div>\n<\/td>\n<td>\n<div align=\"right\">97.9<\/div>\n<\/td>\n<\/tr>\n<tr>\n<td>Chiapas<\/td>\n<td>\n<div align=\"right\">56.8<\/div>\n<\/td>\n<td>\n<div align=\"right\">75.5<\/div>\n<\/td>\n<td>\n<div align=\"right\">74.3<\/div>\n<\/td>\n<td>\n<div align=\"right\">74.5<\/div>\n<\/td>\n<\/tr>\n<tr>\n<td>Chihuahua<\/td>\n<td>\n<div align=\"right\">86<\/div>\n<\/td>\n<td>\n<div align=\"right\">94.5<\/div>\n<\/td>\n<td>\n<div align=\"right\">92.9<\/div>\n<\/td>\n<td>\n<div align=\"right\">93.9<\/div>\n<\/td>\n<\/tr>\n<tr>\n<td>Distrito Federal<\/td>\n<td>\n<div align=\"right\">95.3<\/div>\n<\/td>\n<td>\n<div align=\"right\">97.7<\/div>\n<\/td>\n<td>\n<div align=\"right\">97.6<\/div>\n<\/td>\n<td>\n<div align=\"right\">97.8<\/div>\n<\/td>\n<\/tr>\n<tr>\n<td>Durango<\/td>\n<td>\n<div align=\"right\">84.2<\/div>\n<\/td>\n<td>\n<div align=\"right\">93.4<\/div>\n<\/td>\n<td>\n<div align=\"right\">91.6<\/div>\n<\/td>\n<td>\n<div align=\"right\">93<\/div>\n<\/td>\n<\/tr>\n<tr>\n<td>Guanajuato<\/td>\n<td>\n<div align=\"right\">81.4<\/div>\n<\/td>\n<td>\n<div align=\"right\">93.4<\/div>\n<\/td>\n<td>\n<div align=\"right\">93.5<\/div>\n<\/td>\n<td>\n<div align=\"right\">93.5<\/div>\n<\/td>\n<\/tr>\n<tr>\n<td>Guerrero<\/td>\n<td>\n<div align=\"right\">54.3<\/div>\n<\/td>\n<td>\n<div align=\"right\">70.3<\/div>\n<\/td>\n<td>\n<div align=\"right\">68.6<\/div>\n<\/td>\n<td>\n<div align=\"right\">70.6<\/div>\n<\/td>\n<\/tr>\n<tr>\n<td>Hidalgo<\/td>\n<td>\n<div align=\"right\">68.7<\/div>\n<\/td>\n<td>\n<div align=\"right\">84.5<\/div>\n<\/td>\n<td>\n<div align=\"right\">88<\/div>\n<\/td>\n<td>\n<div align=\"right\">88.9<\/div>\n<\/td>\n<\/tr>\n<tr>\n<td>Jalisco<\/td>\n<td>\n<div align=\"right\">84.6<\/div>\n<\/td>\n<td>\n<div align=\"right\">92.1<\/div>\n<\/td>\n<td>\n<div align=\"right\">93.4<\/div>\n<\/td>\n<td>\n<div align=\"right\">93<\/div>\n<\/td>\n<\/tr>\n<tr>\n<td>M\u00e9xico<\/td>\n<td>\n<div align=\"right\">84.2<\/div>\n<\/td>\n<td>\n<div align=\"right\">92.4<\/div>\n<\/td>\n<td>\n<div align=\"right\">93.3<\/div>\n<\/td>\n<td>\n<div align=\"right\">92.4<\/div>\n<\/td>\n<\/tr>\n<tr>\n<td>Michoac\u00e1n de Ocampo<\/td>\n<td>\n<div align=\"right\">77<\/div>\n<\/td>\n<td>\n<div align=\"right\">90.6<\/div>\n<\/td>\n<td>\n<div align=\"right\">89.8<\/div>\n<\/td>\n<td>\n<div align=\"right\">90.7<\/div>\n<\/td>\n<\/tr>\n<tr>\n<td>Morelos<\/td>\n<td>\n<div align=\"right\">87.5<\/div>\n<\/td>\n<td>\n<div align=\"right\">91.7<\/div>\n<\/td>\n<td>\n<div align=\"right\">91.9<\/div>\n<\/td>\n<td>\n<div align=\"right\">91.6<\/div>\n<\/td>\n<\/tr>\n<tr>\n<td>Nayarit<\/td>\n<td>\n<div align=\"right\">81.6<\/div>\n<\/td>\n<td>\n<div align=\"right\">91.4<\/div>\n<\/td>\n<td>\n<div align=\"right\">92<\/div>\n<\/td>\n<td>\n<div align=\"right\">93.1<\/div>\n<\/td>\n<\/tr>\n<tr>\n<td>Nuevo Le\u00f3n<\/td>\n<td>\n<div align=\"right\">92.2<\/div>\n<\/td>\n<td>\n<div align=\"right\">97<\/div>\n<\/td>\n<td>\n<div align=\"right\">95.8<\/div>\n<\/td>\n<td>\n<div align=\"right\">95.5<\/div>\n<\/td>\n<\/tr>\n<tr>\n<td>Oaxaca<\/td>\n<td>\n<div align=\"right\">56.8<\/div>\n<\/td>\n<td>\n<div align=\"right\">71.9<\/div>\n<\/td>\n<td>\n<div align=\"right\">75.2<\/div>\n<\/td>\n<td>\n<div align=\"right\">76.7<\/div>\n<\/td>\n<\/tr>\n<tr>\n<td>Puebla<\/td>\n<td>\n<div align=\"right\">69.8<\/div>\n<\/td>\n<td>\n<div align=\"right\">83.1<\/div>\n<\/td>\n<td>\n<div align=\"right\">85.5<\/div>\n<\/td>\n<td>\n<div align=\"right\">85.3<\/div>\n<\/td>\n<\/tr>\n<tr>\n<td>Quer\u00e9taro<\/td>\n<td>\n<div align=\"right\">82<\/div>\n<\/td>\n<td>\n<div align=\"right\">94.5<\/div>\n<\/td>\n<td>\n<div align=\"right\">93.6<\/div>\n<\/td>\n<td>\n<div align=\"right\">93.1<\/div>\n<\/td>\n<\/tr>\n<tr>\n<td>Quintana Roo<\/td>\n<td>\n<div align=\"right\">86.3<\/div>\n<\/td>\n<td>\n<div align=\"right\">94.8<\/div>\n<\/td>\n<td>\n<div align=\"right\">94.4<\/div>\n<\/td>\n<td>\n<div align=\"right\">92.8<\/div>\n<\/td>\n<\/tr>\n<tr>\n<td>San Luis Potos\u00ed<\/td>\n<td>\n<div align=\"right\">65.1<\/div>\n<\/td>\n<td>\n<div align=\"right\">78.8<\/div>\n<\/td>\n<td>\n<div align=\"right\">83.5<\/div>\n<\/td>\n<td>\n<div align=\"right\">84.9<\/div>\n<\/td>\n<\/tr>\n<tr>\n<td>Sinaloa<\/td>\n<td>\n<div align=\"right\">78.7<\/div>\n<\/td>\n<td>\n<div align=\"right\">93.3<\/div>\n<\/td>\n<td>\n<div align=\"right\">93.6<\/div>\n<\/td>\n<td>\n<div align=\"right\">94.4<\/div>\n<\/td>\n<\/tr>\n<tr>\n<td>Sonora<\/td>\n<td>\n<div align=\"right\">89.8<\/div>\n<\/td>\n<td>\n<div align=\"right\">97.6<\/div>\n<\/td>\n<td>\n<div align=\"right\">95.4<\/div>\n<\/td>\n<td>\n<div align=\"right\">95.3<\/div>\n<\/td>\n<\/tr>\n<tr>\n<td>Tabasco<\/td>\n<td>\n<div align=\"right\">55.1<\/div>\n<\/td>\n<td>\n<div align=\"right\">72.3<\/div>\n<\/td>\n<td>\n<div align=\"right\">76.6<\/div>\n<\/td>\n<td>\n<div align=\"right\">76.9<\/div>\n<\/td>\n<\/tr>\n<tr>\n<td>Tamaulipas<\/td>\n<td>\n<div align=\"right\">79.9<\/div>\n<\/td>\n<td>\n<div align=\"right\">94.7<\/div>\n<\/td>\n<td>\n<div align=\"right\">95.1<\/div>\n<\/td>\n<td>\n<div align=\"right\">96.4<\/div>\n<\/td>\n<\/tr>\n<tr>\n<td>Tlaxcala<\/td>\n<td>\n<div align=\"right\">90.6<\/div>\n<\/td>\n<td>\n<div align=\"right\">96<\/div>\n<\/td>\n<td>\n<div align=\"right\">97.9<\/div>\n<\/td>\n<td>\n<div align=\"right\">98.2<\/div>\n<\/td>\n<\/tr>\n<tr>\n<td>Veracruz de Ignacio de la Llave<\/td>\n<td>\n<div align=\"right\">57.1<\/div>\n<\/td>\n<td>\n<div align=\"right\">70.2<\/div>\n<\/td>\n<td>\n<div align=\"right\">76.5<\/div>\n<\/td>\n<td>\n<div align=\"right\">76.8<\/div>\n<\/td>\n<\/tr>\n<tr>\n<td>Yucat\u00e1n<\/td>\n<td>\n<div align=\"right\">69.7<\/div>\n<\/td>\n<td>\n<div align=\"right\">94<\/div>\n<\/td>\n<td>\n<div align=\"right\">96.3<\/div>\n<\/td>\n<td>\n<div align=\"right\">96<\/div>\n<\/td>\n<\/tr>\n<tr>\n<td>Zacatecas<\/td>\n<td>\n<div align=\"right\">74.5<\/div>\n<\/td>\n<td>\n<div align=\"right\">90.9<\/div>\n<\/td>\n<td>\n<div align=\"right\">93.3<\/div>\n<\/td>\n<td>\n<div align=\"right\">94.1<\/div>\n<\/td>\n<\/tr>\n<\/table>\n<div align=\"LEFT\"><span class=\"fuente\">FUENTE: INEGI.  Porcentaje de la poblaci&oacute;n con servicio de agua potable por entidad federativa, 1990 a 2006. <\/span><\/div>\n<\/td>\n<\/tr>\n<\/tbody>\n<\/table><\/div>\n<\/td>\n<\/tr>\n<\/table>\n<p><\/center><\/p>\n<p>En 1990, 36.7% de la poblaci&oacute;n total del pa&iacute;s no ten&iacute;a  drenaje, esto representa 29 millones de personas; para el 2005, la cifra se redujo a 13.2% (13.2 millones). En Oaxaca, Guerreo y Yucat&aacute;n, tres cuartas partes de la poblaci&oacute;n no dispon&iacute;an del servicio en esa fecha.<\/p>\n<table width=\"100%\">\n<tr>\n<td align=\"center\">\n<div id=\"sc2\" class=\"switchcontent\">\n<table cellpadding=\"5\">\n<tbody>\n<tr>\n<td bgcolor=\"#CEDFFF\">\n<blockquote class=\"PostContent\"><p> El deterioro m&aacute;s grave de los r&iacute;os y lagos a nivel mundial fue en el siglo XVII con el inicio de la Revoluci&oacute;n Industrial.<\/p><\/blockquote>\n<\/td>\n<\/tr>\n<\/tbody>\n<\/table><\/div>\n<\/td>\n<\/tr>\n<\/table>\n<p>&nbsp;<\/p>\n<p>&nbsp;<\/p>\n","protected":false},"excerpt":{"rendered":"<p>Agua potable y alcantarillado La disponibilidad de agua se refiere al volumen total de l&iacute;quido que hay en una regi&oacute;n. Para saber la cantidad existente para cada habitante se divide el volumen de agua entre el n&uacute;mero de personas de una poblaci&oacute;n. En nuestro pa&iacute;s hay diferencias muy grandes en cuanto a la disponibilidad de [&hellip;]<\/p>\n","protected":false},"author":1,"featured_media":0,"parent":0,"menu_order":0,"comment_status":"closed","ping_status":"closed","template":"template-leftsidebar.php","meta":{"footnotes":""},"class_list":["post-468","page","type-page","status-publish","hentry"],"yoast_head":"<!-- This site is optimized with the Yoast SEO plugin v27.3 - https:\/\/yoast.com\/product\/yoast-seo-wordpress\/ -->\r\n<title>Agua potable y alcantarillado - Comapa Nuevo Laredo<\/title>\r\n<meta name=\"robots\" content=\"index, follow, max-snippet:-1, max-image-preview:large, max-video-preview:-1\" \/>\r\n<link rel=\"canonical\" href=\"https:\/\/www.comapanuevolaredo.gob.mx\/sitio\/agua-potable-y-alcantarillado\/\" \/>\r\n<meta property=\"og:locale\" content=\"es_ES\" \/>\r\n<meta property=\"og:type\" content=\"article\" \/>\r\n<meta property=\"og:title\" content=\"Agua potable y alcantarillado - Comapa Nuevo Laredo\" \/>\r\n<meta property=\"og:description\" content=\"Agua potable y alcantarillado La disponibilidad de agua se refiere al volumen total de l&iacute;quido que hay en una regi&oacute;n. Para saber la cantidad existente para cada habitante se divide el volumen de agua entre el n&uacute;mero de personas de una poblaci&oacute;n. En nuestro pa&iacute;s hay diferencias muy grandes en cuanto a la disponibilidad de [&hellip;]\" \/>\r\n<meta property=\"og:url\" content=\"https:\/\/www.comapanuevolaredo.gob.mx\/sitio\/agua-potable-y-alcantarillado\/\" \/>\r\n<meta property=\"og:site_name\" content=\"Comapa Nuevo Laredo\" \/>\r\n<meta property=\"article:publisher\" content=\"https:\/\/www.facebook.com\/comapa.nuevolaredo\/\" \/>\r\n<meta property=\"article:modified_time\" content=\"2012-04-20T16:44:55+00:00\" \/>\r\n<meta property=\"og:image\" content=\"https:\/\/www.comapanuevolaredo.gob.mx\/sitio\/wp-content\/uploads\/2012\/04\/disponibilidad.gif\" \/>\r\n<meta name=\"twitter:card\" content=\"summary_large_image\" \/>\r\n<meta name=\"twitter:site\" content=\"@ComapaNvoLaredo\" \/>\r\n<meta name=\"twitter:label1\" content=\"Tiempo de lectura\" \/>\n\t<meta name=\"twitter:data1\" content=\"4 minutos\" \/>\r\n<script type=\"application\/ld+json\" class=\"yoast-schema-graph\">{\"@context\":\"https:\\\/\\\/schema.org\",\"@graph\":[{\"@type\":\"WebPage\",\"@id\":\"https:\\\/\\\/www.comapanuevolaredo.gob.mx\\\/sitio\\\/agua-potable-y-alcantarillado\\\/\",\"url\":\"https:\\\/\\\/www.comapanuevolaredo.gob.mx\\\/sitio\\\/agua-potable-y-alcantarillado\\\/\",\"name\":\"Agua potable y alcantarillado - Comapa Nuevo Laredo\",\"isPartOf\":{\"@id\":\"https:\\\/\\\/www.comapanuevolaredo.gob.mx\\\/sitio\\\/#website\"},\"primaryImageOfPage\":{\"@id\":\"https:\\\/\\\/www.comapanuevolaredo.gob.mx\\\/sitio\\\/agua-potable-y-alcantarillado\\\/#primaryimage\"},\"image\":{\"@id\":\"https:\\\/\\\/www.comapanuevolaredo.gob.mx\\\/sitio\\\/agua-potable-y-alcantarillado\\\/#primaryimage\"},\"thumbnailUrl\":\"https:\\\/\\\/www.comapanuevolaredo.gob.mx\\\/sitio\\\/wp-content\\\/uploads\\\/2012\\\/04\\\/disponibilidad.gif\",\"datePublished\":\"2012-04-20T14:44:24+00:00\",\"dateModified\":\"2012-04-20T16:44:55+00:00\",\"breadcrumb\":{\"@id\":\"https:\\\/\\\/www.comapanuevolaredo.gob.mx\\\/sitio\\\/agua-potable-y-alcantarillado\\\/#breadcrumb\"},\"inLanguage\":\"es\",\"potentialAction\":[{\"@type\":\"ReadAction\",\"target\":[\"https:\\\/\\\/www.comapanuevolaredo.gob.mx\\\/sitio\\\/agua-potable-y-alcantarillado\\\/\"]}]},{\"@type\":\"ImageObject\",\"inLanguage\":\"es\",\"@id\":\"https:\\\/\\\/www.comapanuevolaredo.gob.mx\\\/sitio\\\/agua-potable-y-alcantarillado\\\/#primaryimage\",\"url\":\"https:\\\/\\\/www.comapanuevolaredo.gob.mx\\\/sitio\\\/wp-content\\\/uploads\\\/2012\\\/04\\\/disponibilidad.gif\",\"contentUrl\":\"https:\\\/\\\/www.comapanuevolaredo.gob.mx\\\/sitio\\\/wp-content\\\/uploads\\\/2012\\\/04\\\/disponibilidad.gif\",\"width\":\"475\",\"height\":\"393\"},{\"@type\":\"BreadcrumbList\",\"@id\":\"https:\\\/\\\/www.comapanuevolaredo.gob.mx\\\/sitio\\\/agua-potable-y-alcantarillado\\\/#breadcrumb\",\"itemListElement\":[{\"@type\":\"ListItem\",\"position\":1,\"name\":\"Home\",\"item\":\"https:\\\/\\\/www.comapanuevolaredo.gob.mx\\\/sitio\\\/\"},{\"@type\":\"ListItem\",\"position\":2,\"name\":\"Agua potable y alcantarillado\"}]},{\"@type\":\"WebSite\",\"@id\":\"https:\\\/\\\/www.comapanuevolaredo.gob.mx\\\/sitio\\\/#website\",\"url\":\"https:\\\/\\\/www.comapanuevolaredo.gob.mx\\\/sitio\\\/\",\"name\":\"Comapa Nuevo Laredo\",\"description\":\"Servicio y distribuci\u00f3n de agua potable y drenaje, planta potabilizadora en NLD, a orillas del R\u00edo Bravo, en la Frontera Norte de Tamaulipas, M\u00e9xico\",\"publisher\":{\"@id\":\"https:\\\/\\\/www.comapanuevolaredo.gob.mx\\\/sitio\\\/#organization\"},\"potentialAction\":[{\"@type\":\"SearchAction\",\"target\":{\"@type\":\"EntryPoint\",\"urlTemplate\":\"https:\\\/\\\/www.comapanuevolaredo.gob.mx\\\/sitio\\\/?s={search_term_string}\"},\"query-input\":{\"@type\":\"PropertyValueSpecification\",\"valueRequired\":true,\"valueName\":\"search_term_string\"}}],\"inLanguage\":\"es\"},{\"@type\":\"Organization\",\"@id\":\"https:\\\/\\\/www.comapanuevolaredo.gob.mx\\\/sitio\\\/#organization\",\"name\":\"Comapa Nuevo Laredo\",\"url\":\"https:\\\/\\\/www.comapanuevolaredo.gob.mx\\\/sitio\\\/\",\"logo\":{\"@type\":\"ImageObject\",\"inLanguage\":\"es\",\"@id\":\"https:\\\/\\\/www.comapanuevolaredo.gob.mx\\\/sitio\\\/#\\\/schema\\\/logo\\\/image\\\/\",\"url\":\"https:\\\/\\\/www.comapanuevolaredo.gob.mx\\\/sitio\\\/wp-content\\\/uploads\\\/2025\\\/02\\\/cropped-512.jpg\",\"contentUrl\":\"https:\\\/\\\/www.comapanuevolaredo.gob.mx\\\/sitio\\\/wp-content\\\/uploads\\\/2025\\\/02\\\/cropped-512.jpg\",\"width\":512,\"height\":512,\"caption\":\"Comapa Nuevo Laredo\"},\"image\":{\"@id\":\"https:\\\/\\\/www.comapanuevolaredo.gob.mx\\\/sitio\\\/#\\\/schema\\\/logo\\\/image\\\/\"},\"sameAs\":[\"https:\\\/\\\/www.facebook.com\\\/comapa.nuevolaredo\\\/\",\"https:\\\/\\\/x.com\\\/ComapaNvoLaredo\",\"https:\\\/\\\/www.instagram.com\\\/comapanld\\\/\"]}]}<\/script>\r\n<!-- \/ Yoast SEO plugin. -->","yoast_head_json":{"title":"Agua potable y alcantarillado - Comapa Nuevo Laredo","robots":{"index":"index","follow":"follow","max-snippet":"max-snippet:-1","max-image-preview":"max-image-preview:large","max-video-preview":"max-video-preview:-1"},"canonical":"https:\/\/www.comapanuevolaredo.gob.mx\/sitio\/agua-potable-y-alcantarillado\/","og_locale":"es_ES","og_type":"article","og_title":"Agua potable y alcantarillado - Comapa Nuevo Laredo","og_description":"Agua potable y alcantarillado La disponibilidad de agua se refiere al volumen total de l&iacute;quido que hay en una regi&oacute;n. Para saber la cantidad existente para cada habitante se divide el volumen de agua entre el n&uacute;mero de personas de una poblaci&oacute;n. En nuestro pa&iacute;s hay diferencias muy grandes en cuanto a la disponibilidad de [&hellip;]","og_url":"https:\/\/www.comapanuevolaredo.gob.mx\/sitio\/agua-potable-y-alcantarillado\/","og_site_name":"Comapa Nuevo Laredo","article_publisher":"https:\/\/www.facebook.com\/comapa.nuevolaredo\/","article_modified_time":"2012-04-20T16:44:55+00:00","og_image":[{"url":"https:\/\/www.comapanuevolaredo.gob.mx\/sitio\/wp-content\/uploads\/2012\/04\/disponibilidad.gif","type":"","width":"","height":""}],"twitter_card":"summary_large_image","twitter_site":"@ComapaNvoLaredo","twitter_misc":{"Tiempo de lectura":"4 minutos"},"schema":{"@context":"https:\/\/schema.org","@graph":[{"@type":"WebPage","@id":"https:\/\/www.comapanuevolaredo.gob.mx\/sitio\/agua-potable-y-alcantarillado\/","url":"https:\/\/www.comapanuevolaredo.gob.mx\/sitio\/agua-potable-y-alcantarillado\/","name":"Agua potable y alcantarillado - Comapa Nuevo Laredo","isPartOf":{"@id":"https:\/\/www.comapanuevolaredo.gob.mx\/sitio\/#website"},"primaryImageOfPage":{"@id":"https:\/\/www.comapanuevolaredo.gob.mx\/sitio\/agua-potable-y-alcantarillado\/#primaryimage"},"image":{"@id":"https:\/\/www.comapanuevolaredo.gob.mx\/sitio\/agua-potable-y-alcantarillado\/#primaryimage"},"thumbnailUrl":"https:\/\/www.comapanuevolaredo.gob.mx\/sitio\/wp-content\/uploads\/2012\/04\/disponibilidad.gif","datePublished":"2012-04-20T14:44:24+00:00","dateModified":"2012-04-20T16:44:55+00:00","breadcrumb":{"@id":"https:\/\/www.comapanuevolaredo.gob.mx\/sitio\/agua-potable-y-alcantarillado\/#breadcrumb"},"inLanguage":"es","potentialAction":[{"@type":"ReadAction","target":["https:\/\/www.comapanuevolaredo.gob.mx\/sitio\/agua-potable-y-alcantarillado\/"]}]},{"@type":"ImageObject","inLanguage":"es","@id":"https:\/\/www.comapanuevolaredo.gob.mx\/sitio\/agua-potable-y-alcantarillado\/#primaryimage","url":"https:\/\/www.comapanuevolaredo.gob.mx\/sitio\/wp-content\/uploads\/2012\/04\/disponibilidad.gif","contentUrl":"https:\/\/www.comapanuevolaredo.gob.mx\/sitio\/wp-content\/uploads\/2012\/04\/disponibilidad.gif","width":"475","height":"393"},{"@type":"BreadcrumbList","@id":"https:\/\/www.comapanuevolaredo.gob.mx\/sitio\/agua-potable-y-alcantarillado\/#breadcrumb","itemListElement":[{"@type":"ListItem","position":1,"name":"Home","item":"https:\/\/www.comapanuevolaredo.gob.mx\/sitio\/"},{"@type":"ListItem","position":2,"name":"Agua potable y alcantarillado"}]},{"@type":"WebSite","@id":"https:\/\/www.comapanuevolaredo.gob.mx\/sitio\/#website","url":"https:\/\/www.comapanuevolaredo.gob.mx\/sitio\/","name":"Comapa Nuevo Laredo","description":"Servicio y distribuci\u00f3n de agua potable y drenaje, planta potabilizadora en NLD, a orillas del R\u00edo Bravo, en la Frontera Norte de Tamaulipas, M\u00e9xico","publisher":{"@id":"https:\/\/www.comapanuevolaredo.gob.mx\/sitio\/#organization"},"potentialAction":[{"@type":"SearchAction","target":{"@type":"EntryPoint","urlTemplate":"https:\/\/www.comapanuevolaredo.gob.mx\/sitio\/?s={search_term_string}"},"query-input":{"@type":"PropertyValueSpecification","valueRequired":true,"valueName":"search_term_string"}}],"inLanguage":"es"},{"@type":"Organization","@id":"https:\/\/www.comapanuevolaredo.gob.mx\/sitio\/#organization","name":"Comapa Nuevo Laredo","url":"https:\/\/www.comapanuevolaredo.gob.mx\/sitio\/","logo":{"@type":"ImageObject","inLanguage":"es","@id":"https:\/\/www.comapanuevolaredo.gob.mx\/sitio\/#\/schema\/logo\/image\/","url":"https:\/\/www.comapanuevolaredo.gob.mx\/sitio\/wp-content\/uploads\/2025\/02\/cropped-512.jpg","contentUrl":"https:\/\/www.comapanuevolaredo.gob.mx\/sitio\/wp-content\/uploads\/2025\/02\/cropped-512.jpg","width":512,"height":512,"caption":"Comapa Nuevo Laredo"},"image":{"@id":"https:\/\/www.comapanuevolaredo.gob.mx\/sitio\/#\/schema\/logo\/image\/"},"sameAs":["https:\/\/www.facebook.com\/comapa.nuevolaredo\/","https:\/\/x.com\/ComapaNvoLaredo","https:\/\/www.instagram.com\/comapanld\/"]}]}},"_links":{"self":[{"href":"https:\/\/www.comapanuevolaredo.gob.mx\/sitio\/wp-json\/wp\/v2\/pages\/468","targetHints":{"allow":["GET"]}}],"collection":[{"href":"https:\/\/www.comapanuevolaredo.gob.mx\/sitio\/wp-json\/wp\/v2\/pages"}],"about":[{"href":"https:\/\/www.comapanuevolaredo.gob.mx\/sitio\/wp-json\/wp\/v2\/types\/page"}],"author":[{"embeddable":true,"href":"https:\/\/www.comapanuevolaredo.gob.mx\/sitio\/wp-json\/wp\/v2\/users\/1"}],"replies":[{"embeddable":true,"href":"https:\/\/www.comapanuevolaredo.gob.mx\/sitio\/wp-json\/wp\/v2\/comments?post=468"}],"version-history":[{"count":8,"href":"https:\/\/www.comapanuevolaredo.gob.mx\/sitio\/wp-json\/wp\/v2\/pages\/468\/revisions"}],"predecessor-version":[{"id":13425,"href":"https:\/\/www.comapanuevolaredo.gob.mx\/sitio\/wp-json\/wp\/v2\/pages\/468\/revisions\/13425"}],"wp:attachment":[{"href":"https:\/\/www.comapanuevolaredo.gob.mx\/sitio\/wp-json\/wp\/v2\/media?parent=468"}],"curies":[{"name":"wp","href":"https:\/\/api.w.org\/{rel}","templated":true}]}}