{"id":3182,"date":"2017-05-04T20:14:40","date_gmt":"2017-05-04T20:14:40","guid":{"rendered":"https:\/\/www.comapanuevolaredo.gob.mx\/sitio\/?page_id=3182"},"modified":"2026-01-15T10:16:51","modified_gmt":"2026-01-15T16:16:51","slug":"xxxii","status":"publish","type":"page","link":"https:\/\/www.comapanuevolaredo.gob.mx\/sitio\/xxxii\/","title":{"rendered":"Fracci\u00f3n XXXII"},"content":{"rendered":"<table class=\"table table-borderless\">\n<tbody>\n<tr>\n<td class=\"d-flex align-items-center text-uppercase\"><span style=\"display: inline-block; padding: 0.5rem 1rem; background-color: #003e75; color: white; font-size: 1.25rem;\">XXXII<\/span><br \/>\n<span style=\"display: inline-block; margin-left: 1rem;\">Padr\u00f3n de proveedores y contratistas<\/span><\/td>\n<\/tr>\n<tr>\n<td>\n<ul>\n<li><a href=\"https:\/\/view.officeapps.live.com\/op\/view.aspx?src=http:\/\/www.comapalocal.com\/nuevolaredo\/transparencia\/Archivos\/Adquisiciones\/2017\/Anual\/2017-Padron-de-proveedore_A67FXXXII.xlsx\">2017<\/a><\/li>\n<\/ul>\n<ul>\n<li><a href=\"https:\/\/view.officeapps.live.com\/op\/view.aspx?src=http:\/\/www.comapalocal.com\/nuevolaredo\/transparencia\/Archivos\/Adquisiciones\/2018\/4toTrim\/LTAIPET-A67FXXXII_4Tri.xlsx\">2018<\/a><\/li>\n<\/ul>\n<ul>\n<li><a href=\"https:\/\/view.officeapps.live.com\/op\/view.aspx?src=http:\/\/www.comapalocal.com\/nuevolaredo\/transparencia\/Archivos\/Adquisiciones\/2019\/2doTrim\/LTAIPET-A67FXXXII.xlsx\">2019<\/a><\/li>\n<\/ul>\n<ul>\n<li><a href=\"https:\/\/view.officeapps.live.com\/op\/view.aspx?src=http:\/\/www.comapalocal.com\/nuevolaredo\/transparencia\/Archivos\/Adquisiciones\/2022\/1erTrim\/LTAIPET-A67FXXXII.xlsx\">2022 1er Trimestre<\/a><\/li>\n<li><a href=\"https:\/\/view.officeapps.live.com\/op\/view.aspx?src=http:\/\/www.comapalocal.com\/nuevolaredo\/transparencia\/Archivos\/Adquisiciones\/2022\/2doTrim\/LTAIPET-A67FXXXII.xlsx\">2022 2do Trimestre<\/a><\/li>\n<li><a href=\"https:\/\/view.officeapps.live.com\/op\/view.aspx?src=http:\/\/www.comapalocal.com\/nuevolaredo\/transparencia\/Archivos\/Adquisiciones\/2022\/3erTrim\/LTAIPET-A67FXXXII.xlsx\">2022 3er Trimestre<\/a><\/li>\n<\/ul>\n<ul>\n<li><a href=\"https:\/\/view.officeapps.live.com\/op\/view.aspx?src=http:\/\/www.comapalocal.com\/nuevolaredo\/transparencia\/Archivos\/Adquisiciones\/2023\/1erTrim\/LTAIPET-A67FXXXII.xlsx\">2023 1er Trimestre<\/a><\/li>\n<li><a href=\"https:\/\/view.officeapps.live.com\/op\/view.aspx?src=http:\/\/www.comapalocal.com\/nuevolaredo\/transparencia\/Archivos\/Adquisiciones\/2023\/2doTrim\/LTAIPET-A67FXXXII.xlsx\">2023 2do Trimestre<\/a><\/li>\n<li><a href=\"https:\/\/view.officeapps.live.com\/op\/view.aspx?src=http:\/\/www.comapalocal.com\/nuevolaredo\/transparencia\/Archivos\/Adquisiciones\/2023\/3erTrim\/LTAIPET-A67FXXXII.xlsx\">2023 3er Trimestre<\/a><\/li>\n<li><a href=\"https:\/\/view.officeapps.live.com\/op\/view.aspx?src=http:\/\/www.comapalocal.com\/nuevolaredo\/transparencia\/Archivos\/Adquisiciones\/2023\/4toTrim\/LTAIPET-A67FXXXII.xlsx\">2023 4to Trimestre<\/a><\/li>\n<\/ul>\n<ul>\n<li><a href=\"https:\/\/view.officeapps.live.com\/op\/view.aspx?src=http:\/\/www.comapalocal.com\/nuevolaredo\/transparencia\/Archivos\/Adquisiciones\/2024\/1erTrim\/LTAIPET-A67FXXXII.xlsx\">2024 1er Trimestre<\/a><\/li>\n<li><a href=\"https:\/\/view.officeapps.live.com\/op\/view.aspx?src=http:\/\/www.comapalocal.com\/nuevolaredo\/transparencia\/Archivos\/Adquisiciones\/2024\/2doTrim\/LTAIPET-A67FXXXII.xlsx\">2024 2do Trimestre<\/a><\/li>\n<li><a href=\"https:\/\/view.officeapps.live.com\/op\/view.aspx?src=http:\/\/www.comapalocal.com\/nuevolaredo\/transparencia\/Archivos\/Adquisiciones\/2024\/3erTrim\/LTAIPET-A67FXXXII.xlsx\">2024 3er Trimestre<\/a><\/li>\n<li><a href=\"https:\/\/view.officeapps.live.com\/op\/view.aspx?src=http:\/\/www.comapalocal.com\/nuevolaredo\/transparencia\/Archivos\/Adquisiciones\/2024\/4toTrim\/LTAIPET-A67FXXXII.xlsx\">2024 4to Trimestre<\/a><\/li>\n<\/ul>\n<ul>\n<li><a href=\"https:\/\/view.officeapps.live.com\/op\/view.aspx?src=http:\/\/www.comapalocal.com\/nuevolaredo\/transparencia\/Archivos\/Adquisiciones\/2025\/1erTrim\/LTAIPET-A67FXXXII.xlsx\">2025 1er Trimestre<\/a><\/li>\n<li><a href=\"https:\/\/view.officeapps.live.com\/op\/view.aspx?src=http:\/\/www.comapalocal.com\/nuevolaredo\/transparencia\/Archivos\/Adquisiciones\/2025\/2doTrim\/LTAIPET-A67FXXXII.xlsx\">2025 2do Trimestre<\/a><\/li>\n<li><a href=\"https:\/\/view.officeapps.live.com\/op\/view.aspx?src=http:\/\/www.comapalocal.com\/nuevolaredo\/transparencia\/Archivos\/Adquisiciones\/2025\/3erTrim\/LTAIPET-A67FXXXII.xlsx\">2025 3er Trimestre<\/a><\/li>\n<li><a style=\"color: dodgerblue;\" href=\"https:\/\/view.officeapps.live.com\/op\/view.aspx?src=http:\/\/www.comapalocal.com\/nuevolaredo\/transparencia\/Archivos\/Adquisiciones\/2025\/4toTrim\/LTAIPET-A67FXXXII.xlsx\">2025 4to Trimestre<\/a><\/li>\n<\/ul>\n<\/td>\n<\/tr>\n<\/tbody>\n<\/table>\n<p>&#x2705; Actualizaci\u00f3n 15\/Ene\/2026<br \/>\n<small>Nota: Si alg\u00fan link no es funcional, favor de reportarlo al correo transparencia@comapanuevolaredo.gob.mx<\/small><\/p>\n","protected":false},"excerpt":{"rendered":"<p>XXXII Padr\u00f3n de proveedores y contratistas 2017 2018 2019 2022 1er Trimestre 2022 2do Trimestre 2022 3er Trimestre 2023 1er Trimestre 2023 2do Trimestre 2023 3er Trimestre 2023 4to Trimestre 2024 1er Trimestre 2024 2do Trimestre 2024 3er Trimestre 2024 4to Trimestre 2025 1er Trimestre 2025 2do Trimestre 2025 3er Trimestre 2025 4to Trimestre &#x2705; [&hellip;]<\/p>\n","protected":false},"author":1,"featured_media":0,"parent":0,"menu_order":0,"comment_status":"closed","ping_status":"closed","template":"","meta":{"footnotes":""},"class_list":["post-3182","page","type-page","status-publish","hentry"],"yoast_head":"<!-- This site is optimized with the Yoast SEO plugin v27.3 - https:\/\/yoast.com\/product\/yoast-seo-wordpress\/ -->\r\n<title>Fracci\u00f3n XXXII - Comapa Nuevo Laredo<\/title>\r\n<meta name=\"robots\" content=\"index, follow, max-snippet:-1, max-image-preview:large, max-video-preview:-1\" \/>\r\n<link rel=\"canonical\" href=\"https:\/\/www.comapanuevolaredo.gob.mx\/sitio\/xxxii\/\" \/>\r\n<meta property=\"og:locale\" content=\"es_ES\" \/>\r\n<meta property=\"og:type\" content=\"article\" \/>\r\n<meta property=\"og:title\" content=\"Fracci\u00f3n XXXII - Comapa Nuevo Laredo\" \/>\r\n<meta property=\"og:description\" content=\"XXXII Padr\u00f3n de proveedores y contratistas 2017 2018 2019 2022 1er Trimestre 2022 2do Trimestre 2022 3er Trimestre 2023 1er Trimestre 2023 2do Trimestre 2023 3er Trimestre 2023 4to Trimestre 2024 1er Trimestre 2024 2do Trimestre 2024 3er Trimestre 2024 4to Trimestre 2025 1er Trimestre 2025 2do Trimestre 2025 3er Trimestre 2025 4to Trimestre &#x2705; [&hellip;]\" \/>\r\n<meta property=\"og:url\" content=\"https:\/\/www.comapanuevolaredo.gob.mx\/sitio\/xxxii\/\" \/>\r\n<meta property=\"og:site_name\" content=\"Comapa Nuevo Laredo\" \/>\r\n<meta property=\"article:publisher\" content=\"https:\/\/www.facebook.com\/comapa.nuevolaredo\/\" \/>\r\n<meta property=\"article:modified_time\" content=\"2026-01-15T16:16:51+00:00\" \/>\r\n<meta name=\"twitter:card\" content=\"summary_large_image\" \/>\r\n<meta name=\"twitter:site\" content=\"@ComapaNvoLaredo\" \/>\r\n<meta name=\"twitter:label1\" content=\"Tiempo de lectura\" \/>\n\t<meta name=\"twitter:data1\" content=\"1 minuto\" \/>\r\n<script type=\"application\/ld+json\" class=\"yoast-schema-graph\">{\"@context\":\"https:\\\/\\\/schema.org\",\"@graph\":[{\"@type\":\"WebPage\",\"@id\":\"https:\\\/\\\/www.comapanuevolaredo.gob.mx\\\/sitio\\\/xxxii\\\/\",\"url\":\"https:\\\/\\\/www.comapanuevolaredo.gob.mx\\\/sitio\\\/xxxii\\\/\",\"name\":\"Fracci\u00f3n XXXII - Comapa Nuevo Laredo\",\"isPartOf\":{\"@id\":\"https:\\\/\\\/www.comapanuevolaredo.gob.mx\\\/sitio\\\/#website\"},\"datePublished\":\"2017-05-04T20:14:40+00:00\",\"dateModified\":\"2026-01-15T16:16:51+00:00\",\"breadcrumb\":{\"@id\":\"https:\\\/\\\/www.comapanuevolaredo.gob.mx\\\/sitio\\\/xxxii\\\/#breadcrumb\"},\"inLanguage\":\"es\",\"potentialAction\":[{\"@type\":\"ReadAction\",\"target\":[\"https:\\\/\\\/www.comapanuevolaredo.gob.mx\\\/sitio\\\/xxxii\\\/\"]}]},{\"@type\":\"BreadcrumbList\",\"@id\":\"https:\\\/\\\/www.comapanuevolaredo.gob.mx\\\/sitio\\\/xxxii\\\/#breadcrumb\",\"itemListElement\":[{\"@type\":\"ListItem\",\"position\":1,\"name\":\"Home\",\"item\":\"https:\\\/\\\/www.comapanuevolaredo.gob.mx\\\/sitio\\\/\"},{\"@type\":\"ListItem\",\"position\":2,\"name\":\"Fracci\u00f3n XXXII\"}]},{\"@type\":\"WebSite\",\"@id\":\"https:\\\/\\\/www.comapanuevolaredo.gob.mx\\\/sitio\\\/#website\",\"url\":\"https:\\\/\\\/www.comapanuevolaredo.gob.mx\\\/sitio\\\/\",\"name\":\"Comapa Nuevo Laredo\",\"description\":\"Servicio y distribuci\u00f3n de agua potable y drenaje, planta potabilizadora en NLD, a orillas del R\u00edo Bravo, en la Frontera Norte de Tamaulipas, M\u00e9xico\",\"publisher\":{\"@id\":\"https:\\\/\\\/www.comapanuevolaredo.gob.mx\\\/sitio\\\/#organization\"},\"potentialAction\":[{\"@type\":\"SearchAction\",\"target\":{\"@type\":\"EntryPoint\",\"urlTemplate\":\"https:\\\/\\\/www.comapanuevolaredo.gob.mx\\\/sitio\\\/?s={search_term_string}\"},\"query-input\":{\"@type\":\"PropertyValueSpecification\",\"valueRequired\":true,\"valueName\":\"search_term_string\"}}],\"inLanguage\":\"es\"},{\"@type\":\"Organization\",\"@id\":\"https:\\\/\\\/www.comapanuevolaredo.gob.mx\\\/sitio\\\/#organization\",\"name\":\"Comapa Nuevo Laredo\",\"url\":\"https:\\\/\\\/www.comapanuevolaredo.gob.mx\\\/sitio\\\/\",\"logo\":{\"@type\":\"ImageObject\",\"inLanguage\":\"es\",\"@id\":\"https:\\\/\\\/www.comapanuevolaredo.gob.mx\\\/sitio\\\/#\\\/schema\\\/logo\\\/image\\\/\",\"url\":\"https:\\\/\\\/www.comapanuevolaredo.gob.mx\\\/sitio\\\/wp-content\\\/uploads\\\/2025\\\/02\\\/cropped-512.jpg\",\"contentUrl\":\"https:\\\/\\\/www.comapanuevolaredo.gob.mx\\\/sitio\\\/wp-content\\\/uploads\\\/2025\\\/02\\\/cropped-512.jpg\",\"width\":512,\"height\":512,\"caption\":\"Comapa Nuevo Laredo\"},\"image\":{\"@id\":\"https:\\\/\\\/www.comapanuevolaredo.gob.mx\\\/sitio\\\/#\\\/schema\\\/logo\\\/image\\\/\"},\"sameAs\":[\"https:\\\/\\\/www.facebook.com\\\/comapa.nuevolaredo\\\/\",\"https:\\\/\\\/x.com\\\/ComapaNvoLaredo\",\"https:\\\/\\\/www.instagram.com\\\/comapanld\\\/\"]}]}<\/script>\r\n<!-- \/ Yoast SEO plugin. -->","yoast_head_json":{"title":"Fracci\u00f3n XXXII - Comapa Nuevo Laredo","robots":{"index":"index","follow":"follow","max-snippet":"max-snippet:-1","max-image-preview":"max-image-preview:large","max-video-preview":"max-video-preview:-1"},"canonical":"https:\/\/www.comapanuevolaredo.gob.mx\/sitio\/xxxii\/","og_locale":"es_ES","og_type":"article","og_title":"Fracci\u00f3n XXXII - Comapa Nuevo Laredo","og_description":"XXXII Padr\u00f3n de proveedores y contratistas 2017 2018 2019 2022 1er Trimestre 2022 2do Trimestre 2022 3er Trimestre 2023 1er Trimestre 2023 2do Trimestre 2023 3er Trimestre 2023 4to Trimestre 2024 1er Trimestre 2024 2do Trimestre 2024 3er Trimestre 2024 4to Trimestre 2025 1er Trimestre 2025 2do Trimestre 2025 3er Trimestre 2025 4to Trimestre &#x2705; [&hellip;]","og_url":"https:\/\/www.comapanuevolaredo.gob.mx\/sitio\/xxxii\/","og_site_name":"Comapa Nuevo Laredo","article_publisher":"https:\/\/www.facebook.com\/comapa.nuevolaredo\/","article_modified_time":"2026-01-15T16:16:51+00:00","twitter_card":"summary_large_image","twitter_site":"@ComapaNvoLaredo","twitter_misc":{"Tiempo de lectura":"1 minuto"},"schema":{"@context":"https:\/\/schema.org","@graph":[{"@type":"WebPage","@id":"https:\/\/www.comapanuevolaredo.gob.mx\/sitio\/xxxii\/","url":"https:\/\/www.comapanuevolaredo.gob.mx\/sitio\/xxxii\/","name":"Fracci\u00f3n XXXII - Comapa Nuevo Laredo","isPartOf":{"@id":"https:\/\/www.comapanuevolaredo.gob.mx\/sitio\/#website"},"datePublished":"2017-05-04T20:14:40+00:00","dateModified":"2026-01-15T16:16:51+00:00","breadcrumb":{"@id":"https:\/\/www.comapanuevolaredo.gob.mx\/sitio\/xxxii\/#breadcrumb"},"inLanguage":"es","potentialAction":[{"@type":"ReadAction","target":["https:\/\/www.comapanuevolaredo.gob.mx\/sitio\/xxxii\/"]}]},{"@type":"BreadcrumbList","@id":"https:\/\/www.comapanuevolaredo.gob.mx\/sitio\/xxxii\/#breadcrumb","itemListElement":[{"@type":"ListItem","position":1,"name":"Home","item":"https:\/\/www.comapanuevolaredo.gob.mx\/sitio\/"},{"@type":"ListItem","position":2,"name":"Fracci\u00f3n XXXII"}]},{"@type":"WebSite","@id":"https:\/\/www.comapanuevolaredo.gob.mx\/sitio\/#website","url":"https:\/\/www.comapanuevolaredo.gob.mx\/sitio\/","name":"Comapa Nuevo Laredo","description":"Servicio y distribuci\u00f3n de agua potable y drenaje, planta potabilizadora en NLD, a orillas del R\u00edo Bravo, en la Frontera Norte de Tamaulipas, M\u00e9xico","publisher":{"@id":"https:\/\/www.comapanuevolaredo.gob.mx\/sitio\/#organization"},"potentialAction":[{"@type":"SearchAction","target":{"@type":"EntryPoint","urlTemplate":"https:\/\/www.comapanuevolaredo.gob.mx\/sitio\/?s={search_term_string}"},"query-input":{"@type":"PropertyValueSpecification","valueRequired":true,"valueName":"search_term_string"}}],"inLanguage":"es"},{"@type":"Organization","@id":"https:\/\/www.comapanuevolaredo.gob.mx\/sitio\/#organization","name":"Comapa Nuevo Laredo","url":"https:\/\/www.comapanuevolaredo.gob.mx\/sitio\/","logo":{"@type":"ImageObject","inLanguage":"es","@id":"https:\/\/www.comapanuevolaredo.gob.mx\/sitio\/#\/schema\/logo\/image\/","url":"https:\/\/www.comapanuevolaredo.gob.mx\/sitio\/wp-content\/uploads\/2025\/02\/cropped-512.jpg","contentUrl":"https:\/\/www.comapanuevolaredo.gob.mx\/sitio\/wp-content\/uploads\/2025\/02\/cropped-512.jpg","width":512,"height":512,"caption":"Comapa Nuevo Laredo"},"image":{"@id":"https:\/\/www.comapanuevolaredo.gob.mx\/sitio\/#\/schema\/logo\/image\/"},"sameAs":["https:\/\/www.facebook.com\/comapa.nuevolaredo\/","https:\/\/x.com\/ComapaNvoLaredo","https:\/\/www.instagram.com\/comapanld\/"]}]}},"_links":{"self":[{"href":"https:\/\/www.comapanuevolaredo.gob.mx\/sitio\/wp-json\/wp\/v2\/pages\/3182","targetHints":{"allow":["GET"]}}],"collection":[{"href":"https:\/\/www.comapanuevolaredo.gob.mx\/sitio\/wp-json\/wp\/v2\/pages"}],"about":[{"href":"https:\/\/www.comapanuevolaredo.gob.mx\/sitio\/wp-json\/wp\/v2\/types\/page"}],"author":[{"embeddable":true,"href":"https:\/\/www.comapanuevolaredo.gob.mx\/sitio\/wp-json\/wp\/v2\/users\/1"}],"replies":[{"embeddable":true,"href":"https:\/\/www.comapanuevolaredo.gob.mx\/sitio\/wp-json\/wp\/v2\/comments?post=3182"}],"version-history":[{"count":63,"href":"https:\/\/www.comapanuevolaredo.gob.mx\/sitio\/wp-json\/wp\/v2\/pages\/3182\/revisions"}],"predecessor-version":[{"id":13805,"href":"https:\/\/www.comapanuevolaredo.gob.mx\/sitio\/wp-json\/wp\/v2\/pages\/3182\/revisions\/13805"}],"wp:attachment":[{"href":"https:\/\/www.comapanuevolaredo.gob.mx\/sitio\/wp-json\/wp\/v2\/media?parent=3182"}],"curies":[{"name":"wp","href":"https:\/\/api.w.org\/{rel}","templated":true}]}}