{"id":10164,"date":"2021-03-11T13:02:10","date_gmt":"2021-03-11T19:02:10","guid":{"rendered":"https:\/\/www.comapanuevolaredo.gob.mx\/sitio\/?page_id=10164"},"modified":"2026-05-06T08:33:19","modified_gmt":"2026-05-06T14:33:19","slug":"directorio","status":"publish","type":"page","link":"https:\/\/www.comapanuevolaredo.gob.mx\/sitio\/transparencia-2024\/directorio\/","title":{"rendered":"Directorio &#x1f4d2;"},"content":{"rendered":"<table class=\"dcf-table dcf-table-responsive dcf-table-bordered dcf-table-striped dcf-w-100%\">\n<tbody>\n<tr>\n<td style=\"text-align: center;\" colspan=\"5\" rowspan=\"1\" data-sheets-value=\"{&quot;1&quot;:2,&quot;2&quot;:&quot;DIRECTORIO COMAPA&quot;}\"><strong>DIRECTORIO COMAPA &#x1f4d2;<\/strong><\/td>\n<\/tr>\n<tr>\n<td style=\"text-align: center;\" colspan=\"5\" rowspan=\"1\" data-sheets-value=\"{&quot;1&quot;:2,&quot;2&quot;:&quot;GERENCIA GENERAL&quot;}\">GERENCIA GENERAL<\/td>\n<\/tr>\n<tr>\n<td>NOMBRE &#x1f464;<\/td>\n<td>CARGO &#x1faaa;<\/td>\n<td>TEL &#x260e;&#xfe0f;<\/td>\n<td>EXT &#x1f4de;<\/td>\n<td>CORREO INSTITUCIONAL &#x1f4e7;<\/td>\n<\/tr>\n<tr>\n<td>ARQ. SILVIA ARIADNA FERNANDEZ GALLARDO BOONE<\/td>\n<td>GERENTE GENERAL<\/td>\n<td>867.8900.900<\/td>\n<td>1903<\/td>\n<td>gerencia.general@comapanld.mx<\/td>\n<\/tr>\n<tr>\n<td>LIC. ANA GABRIELA TORRES SANDOVAL<\/td>\n<td>RECEPCION<\/td>\n<td>867.8900.900<\/td>\n<td>1900<\/td>\n<td>recepcion.gerencia@comapanld.mx<\/td>\n<\/tr>\n<tr>\n<td>MTR. DENISSE ELIZABETH MORENO ORTIZ<\/td>\n<td>GESTORA DE ATENCION GERENCIA GENERAL<\/td>\n<td>867.8900.900<\/td>\n<td>1998<\/td>\n<td>atencion.usuarios@comapanld.mx<\/td>\n<\/tr>\n<tr>\n<td>C.P. JUAN JOS\u00c9 G\u00d3MEZ MALDONADO<\/td>\n<td>AUDITOR<\/td>\n<td>867.8900.900<\/td>\n<td>1908<\/td>\n<td>juanjose.gomez@nld.gob.mx<\/td>\n<\/tr>\n<tr>\n<td>MTR. DIANA TERESA RIGAL CAZARES<\/td>\n<td>COORDINADORA ADMINISTRATIVA GERENCIA GENERAL<\/td>\n<td>867.8900.900<\/td>\n<td>1902<\/td>\n<td>coord.admgeneral@comapanld.mx<\/td>\n<\/tr>\n<tr>\n<td>ING. ANDREA LUCERO RODRIGUEZ TREVI\u00d1O<\/td>\n<td>JEFA DE SEGUIMIENTO OP. Y PROYECTOS ESTRATEGICOS<\/td>\n<td>867.8900.900<\/td>\n<td>1901<\/td>\n<td>seguimiento.proyectos@comapanld.mx<\/td>\n<\/tr>\n<tr>\n<td>ING. NIZA GENESIS RODRIGUEZ RIGAL<\/td>\n<td>JEFA DE GESTI\u00d3N DE DESEMPE\u00d1O COMERCIAL Y SOCIAL<\/td>\n<td>867.8900.900<\/td>\n<td>1992<\/td>\n<td>gestion.comercial@comapanld.mx<\/td>\n<\/tr>\n<tr>\n<td>LIC. ISABEL JAZZMIN MARISCAL GUZMAN<\/td>\n<td>COORDINADORA DE RELACIONES PUBLICAS<\/td>\n<td>867.8900.900<\/td>\n<td>1991<\/td>\n<td>rel.publicas@comapanld.mx<\/td>\n<\/tr>\n<tr>\n<td>LIC. KEYLA N. MARISCAL GUZM\u00c1N<\/td>\n<td>JEFA DE CULTURA DEL AGUA<\/td>\n<td>867.8900.900<\/td>\n<td>1996<\/td>\n<td>culturadelagua@comapanld.mx<\/td>\n<\/tr>\n<tr>\n<td>ARQ. CESAR I. HERNANDEZ LOPEZ<\/td>\n<td>COORDINADOR DE ARCHIVO GENERAL Y PATRIMONIO<\/td>\n<td>867.8900.900<\/td>\n<td>1920<\/td>\n<td>archivo.patrimonial@comapanld.mx<\/td>\n<\/tr>\n<tr>\n<td>ING. MIGUEL ANGEL P\u00c9REZ AGUILAR<\/td>\n<td>SUPERVISOR DE CONTROL NORMATIVO Y JURIDICO<\/td>\n<td>867.8900.900<\/td>\n<td>1993<\/td>\n<td>sup.normativajuridica@comapanld.mx<\/td>\n<\/tr>\n<tr>\n<td>LIC. MARTIN GAMEZ CAMACHO<\/td>\n<td>JEFE DE SISTEMAS<\/td>\n<td>867.8900.900<\/td>\n<td>1943<\/td>\n<td>sistemas@comapanld.mx<\/td>\n<\/tr>\n<tr>\n<td>LIC. HERNAN SIMON IZQUIERDO GONZALEZ<\/td>\n<td>SISTEMAS COMERCIAL<\/td>\n<td>867.8900.901<\/td>\n<td>1944<\/td>\n<td>sistemas.facturacion@comapanld.mx<\/td>\n<\/tr>\n<tr>\n<td>ING. MARIO RIESTRA MARTINEZ<\/td>\n<td>SISTEMAS FINANZAS<\/td>\n<td>867.8900.902<\/td>\n<td>1943<\/td>\n<td>sistemas@comapanld.mx<\/td>\n<\/tr>\n<tr>\n<td style=\"text-align: center;\" colspan=\"5\" rowspan=\"1\" data-sheets-value=\"{&quot;1&quot;:2,&quot;2&quot;:&quot;GERENCIA ADMINISTRATIVA FINANCIERA&quot;}\">GERENCIA ADMINISTRATIVA FINANCIERA<\/td>\n<\/tr>\n<tr>\n<td>L.C. JAVIER MIRANDA ZALDIVAR<\/td>\n<td>GERENTE ADMINISTRATIVO FINANCIERO<\/td>\n<td>867.8900.900<\/td>\n<td>1906<\/td>\n<td>gerencia.admfin@comapanld.mx<\/td>\n<\/tr>\n<tr>\n<td>LIC. NANCY MARGARITA CURIEL VARGAS<\/td>\n<td>COORDINADORA ADMINISTRATIVA DE LA GERENCIA ADMINISTRATIVA FINANCIERA<\/td>\n<td>867.8900.900<\/td>\n<td>1962<\/td>\n<td>coord.admfin@comapanld.mx<\/td>\n<\/tr>\n<tr>\n<td>LIC. LORENA GONZ\u00c1LEZ MART\u00cdNEZ<\/td>\n<td>JEFA DE TRANSPARENCIA Y ACCESO A LA INFORMACI\u00d3N<\/td>\n<td>867.8900.900<\/td>\n<td>1962<\/td>\n<td>transparencia@comapanld.mx<\/td>\n<\/tr>\n<tr>\n<td>MTR. ADRIANA CORREA MORALES<\/td>\n<td>COORDINADORA DE RECURSOS FINANCIEROS<\/td>\n<td>867.8900.900<\/td>\n<td>1910<\/td>\n<td>rec.financieros@comapanld.mx<\/td>\n<\/tr>\n<tr>\n<td>LIC. GABRIELA CANSECO GOMEZ<\/td>\n<td>COORDINADORA DE RECURSOS HUMANOS<\/td>\n<td>867.8900.900<\/td>\n<td>1914<\/td>\n<td>rec.humanos@companld.mx<\/td>\n<\/tr>\n<tr>\n<td>ING. DINORAH JUDITH LOPEZ RODRIGUEZ<\/td>\n<td>COORDINADORA DE RECURSOS MATERIALES<\/td>\n<td>867.8900.900<\/td>\n<td>1916<\/td>\n<td>rec.materiales@comapanld.mx<\/td>\n<\/tr>\n<tr>\n<td>ING. HOMERO FERNANDEZ G.<\/td>\n<td>JEFE DE ALMACEN<\/td>\n<td>867.8900.900<\/td>\n<td>1987<\/td>\n<td>almacen@comapanld.mx<\/td>\n<\/tr>\n<tr>\n<td>LIC. CESAR GARCIA CABRERA<\/td>\n<td>JEFE DE COMPRAS<\/td>\n<td>867.8900.900<\/td>\n<td>1915<\/td>\n<td>adquisiciones@comapanld.mx<\/td>\n<\/tr>\n<tr>\n<td style=\"text-align: center;\" colspan=\"5\" rowspan=\"1\" data-sheets-value=\"{&quot;1&quot;:2,&quot;2&quot;:&quot;GERENCIA COMERCIAL&quot;}\">GERENCIA COMERCIAL<\/td>\n<\/tr>\n<tr>\n<td>LIC. GABRIELA LIZETH PACHECO MORENO<\/td>\n<td>COORDINADORA ADMINISTRATIVA DE LA GERENCIA COMERCIAL<\/td>\n<td>867.8900.900<\/td>\n<td>1933<\/td>\n<td>coord.admcomercial@comapanld.mx<\/td>\n<\/tr>\n<tr>\n<td>LIC. SAN JUANA RIOS NIETO<\/td>\n<td>GESTORA DE ATENCION GERENCIA COMERCIAL<\/td>\n<td>867.8900.900<\/td>\n<td>1935<\/td>\n<td><\/td>\n<\/tr>\n<tr>\n<td>ING. GEORGINA L\u00d3PEZ RODRIGUEZ<\/td>\n<td>JEFA DE ALTOS Y BAJOS CONSUMOS<\/td>\n<td>867.8900.900<\/td>\n<td>1937<\/td>\n<td>fac.comercial@comapanld.mx<\/td>\n<\/tr>\n<tr>\n<td>C.P. PABLO CAZARES GONZALEZ<\/td>\n<td>JEFE DE FACTURACION<\/td>\n<td>867.8900.900<\/td>\n<td>1938 Y 1941<\/td>\n<td>fac.domesticos@comapanld.mx<\/td>\n<\/tr>\n<tr>\n<td>LIC. ALEJANDRA BLANCO CAMPOS<\/td>\n<td>JEFA DE ATENCION A USUARIOS<\/td>\n<td>867.8900.900<\/td>\n<td>1959<\/td>\n<td>usuarios.comercial@comapanld.mx<\/td>\n<\/tr>\n<tr>\n<td>CENTRO INTEGRAL DE GESTI\u00d3N Y ATENCION<\/td>\n<td>CIGA<\/td>\n<td>867.8900.900<\/td>\n<td>1965, 1917 Y 1983<\/td>\n<td>usuarios.comercial@comapanld.mx<\/td>\n<\/tr>\n<tr>\n<td>JEFATURA OPERATIVA<\/td>\n<td>JEFATURA DE MEDIDORES<\/td>\n<td>867.8900.900<\/td>\n<td>1926<\/td>\n<td><\/td>\n<\/tr>\n<tr>\n<td>JEFATURA OPERATIVA<\/td>\n<td>JEFATURA DE CORTES Y RECONEXIONES<\/td>\n<td>867.8900.900<\/td>\n<td>1934 Y 1936<\/td>\n<td><\/td>\n<\/tr>\n<tr>\n<td>LIC. RAQUEL ANA KAREN CARRANZA CORTEZ<\/td>\n<td>JEFATURA DE CONTRATOS<\/td>\n<td>867.8900.900<\/td>\n<td>1907<\/td>\n<td>contratos@comapanld.mx<\/td>\n<\/tr>\n<tr>\n<td style=\"text-align: center;\" colspan=\"5\" rowspan=\"1\" data-sheets-value=\"{&quot;1&quot;:2,&quot;2&quot;:&quot;GERENCIA TECNICA&quot;}\">GERENCIA TECNICA<\/td>\n<\/tr>\n<tr>\n<td>ING. EDGAR BENAVIDES RAMOS<\/td>\n<td>GERENTE TECNICO<\/td>\n<td>867.8900.900<\/td>\n<td>1989 y 1923<\/td>\n<td>gerencia.tecnica@comapanld.mx<\/td>\n<\/tr>\n<tr>\n<td>LIC. DELIA MARTHA GONZALEZ SANTILLAN<\/td>\n<td>COORDINADORA ADMINISTRATIVA DE LA GERENCIA TECNICA<\/td>\n<td>867.8900.900<\/td>\n<td>1961<\/td>\n<td>coord.admtecnica@comapanld.mx<\/td>\n<\/tr>\n<tr>\n<td>ING. LUIS ALFONSO DE ANDA VALADES<\/td>\n<td>COORDINADOR DE OPERACION Y MANTENIMIENTO DE PLANTAS POTABILIZADORAS<\/td>\n<td>867.8900.900<\/td>\n<td>1904<\/td>\n<td>operaci\u00f3n.plantas@comapanld.mx<\/td>\n<\/tr>\n<tr>\n<td>Q.F.B. JORGE ALBERTO GUZMAN MORENO<\/td>\n<td>JEFE DE CALIDAD DE AGUA<\/td>\n<td>867.8900.900<\/td>\n<td>1968<\/td>\n<td><\/td>\n<\/tr>\n<tr>\n<td>T.Q.I. ABIGAIL OLIVIA ARZATE RODRIGUEZ<\/td>\n<td>JEFA DE OPERACI\u00d3N DE PLANTA CENTRO<\/td>\n<td>867.8900.900<\/td>\n<td>1963<\/td>\n<td><\/td>\n<\/tr>\n<tr>\n<td>ING. MARTHA ALICIA ROJAS RODRIGUEZ<\/td>\n<td>JEFA DE MANTENIMIENTO MECANICO<\/td>\n<td>867.8900.900<\/td>\n<td>1924<\/td>\n<td><\/td>\n<\/tr>\n<tr>\n<td>ING. EMILIANO CORTEZ AMBROSIO<\/td>\n<td>JEFE DE MANTENIMIENTO ELECTRICO<\/td>\n<td>867.8900.900<\/td>\n<td>1924<\/td>\n<td><\/td>\n<\/tr>\n<tr>\n<td>ING. DOLORES MARTINEZ FUENTES<\/td>\n<td>JEFE DE OPERACI\u00d3N PLANTA SUR ORIENTE<\/td>\n<td>867.116.3013<\/td>\n<td><\/td>\n<td><\/td>\n<\/tr>\n<tr>\n<td>ING. ALEJANDRO TRISTAN ANZURES<\/td>\n<td>JEFE DE OPERACION PLANTA NORTE<\/td>\n<td>867.132.0045<\/td>\n<td><\/td>\n<td><\/td>\n<\/tr>\n<tr>\n<td>ING. JOSE ANGEL MARTINEZ MORENO<\/td>\n<td>COORDINADOR DE RED DE AGUA Y DRENAJE<\/td>\n<td>867.8900.900<\/td>\n<td>1957<\/td>\n<td><\/td>\n<\/tr>\n<tr>\n<td>MTR. JAVIER SAAVEDRA MACIAS<\/td>\n<td>COORDINADOR DE PROYECTOS<\/td>\n<td>867.8900.900<\/td>\n<td>1921<\/td>\n<td>coord.proyectos@comapanld.mx<\/td>\n<\/tr>\n<tr>\n<td>ARQ. SYLVIA VAZQUEZ ARELLANO<\/td>\n<td>JEFA DE PLANEACI\u00d3N, PROGRAMACI\u00d3N Y SUPERVISI\u00d3N.<\/td>\n<td>867.8900.900<\/td>\n<td>1956 Y 1960<\/td>\n<td>planeacion@comapanld.mx<\/td>\n<\/tr>\n<tr>\n<td>ING. JUAN CARLOS PEREZ FAZ<\/td>\n<td>COORDINADOR DE PLANTAS DE TRATAMIENTO<\/td>\n<td>867.116.3330 Y 867.717.2445<\/td>\n<td><\/td>\n<td>plantas.tratamiento@comapanld.mx<\/td>\n<\/tr>\n<\/tbody>\n<\/table>\n<p>&#x2705;Actualizada 06\/MAY\/2026<\/p>\n","protected":false},"excerpt":{"rendered":"<p>DIRECTORIO COMAPA &#x1f4d2; GERENCIA GENERAL NOMBRE &#x1f464; CARGO &#x1faaa; TEL &#x260e;&#xfe0f; EXT &#x1f4de; CORREO INSTITUCIONAL &#x1f4e7; ARQ. SILVIA ARIADNA FERNANDEZ GALLARDO BOONE GERENTE GENERAL 867.8900.900 1903 gerencia.general@comapanld.mx LIC. ANA GABRIELA TORRES SANDOVAL RECEPCION 867.8900.900 1900 recepcion.gerencia@comapanld.mx MTR. DENISSE ELIZABETH MORENO ORTIZ GESTORA DE ATENCION GERENCIA GENERAL 867.8900.900 1998 atencion.usuarios@comapanld.mx C.P. JUAN JOS\u00c9 G\u00d3MEZ MALDONADO AUDITOR [&hellip;]<\/p>\n","protected":false},"author":10,"featured_media":13787,"parent":13050,"menu_order":0,"comment_status":"closed","ping_status":"closed","template":"","meta":{"footnotes":""},"class_list":["post-10164","page","type-page","status-publish","has-post-thumbnail","hentry"],"yoast_head":"<!-- This site is optimized with the Yoast SEO plugin v27.3 - https:\/\/yoast.com\/product\/yoast-seo-wordpress\/ -->\r\n<title>Directorio &#x1f4d2; - Comapa Nuevo Laredo<\/title>\r\n<meta name=\"robots\" content=\"index, follow, max-snippet:-1, max-image-preview:large, max-video-preview:-1\" \/>\r\n<link rel=\"canonical\" href=\"https:\/\/www.comapanuevolaredo.gob.mx\/sitio\/transparencia-2024\/directorio\/\" \/>\r\n<meta property=\"og:locale\" content=\"es_ES\" \/>\r\n<meta property=\"og:type\" content=\"article\" \/>\r\n<meta property=\"og:title\" content=\"Directorio &#x1f4d2; - Comapa Nuevo Laredo\" \/>\r\n<meta property=\"og:description\" content=\"DIRECTORIO COMAPA &#x1f4d2; GERENCIA GENERAL NOMBRE &#x1f464; CARGO &#x1faaa; TEL &#x260e;&#xfe0f; EXT &#x1f4de; CORREO INSTITUCIONAL &#x1f4e7; ARQ. SILVIA ARIADNA FERNANDEZ GALLARDO BOONE GERENTE GENERAL 867.8900.900 1903 gerencia.general@comapanld.mx LIC. ANA GABRIELA TORRES SANDOVAL RECEPCION 867.8900.900 1900 recepcion.gerencia@comapanld.mx MTR. DENISSE ELIZABETH MORENO ORTIZ GESTORA DE ATENCION GERENCIA GENERAL 867.8900.900 1998 atencion.usuarios@comapanld.mx C.P. JUAN JOS\u00c9 G\u00d3MEZ MALDONADO AUDITOR [&hellip;]\" \/>\r\n<meta property=\"og:url\" content=\"https:\/\/www.comapanuevolaredo.gob.mx\/sitio\/transparencia-2024\/directorio\/\" \/>\r\n<meta property=\"og:site_name\" content=\"Comapa Nuevo Laredo\" \/>\r\n<meta property=\"article:publisher\" content=\"https:\/\/www.facebook.com\/comapa.nuevolaredo\/\" \/>\r\n<meta property=\"article:modified_time\" content=\"2026-05-06T14:33:19+00:00\" \/>\r\n<meta property=\"og:image\" content=\"https:\/\/www.comapanuevolaredo.gob.mx\/sitio\/wp-content\/uploads\/2025\/11\/Dir-2560x1290-1-scaled.jpg\" \/>\r\n\t<meta property=\"og:image:width\" content=\"2560\" \/>\r\n\t<meta property=\"og:image:height\" content=\"1280\" \/>\r\n\t<meta property=\"og:image:type\" content=\"image\/jpeg\" \/>\r\n<meta name=\"twitter:card\" content=\"summary_large_image\" \/>\r\n<meta name=\"twitter:site\" content=\"@ComapaNvoLaredo\" \/>\r\n<meta name=\"twitter:label1\" content=\"Tiempo de lectura\" \/>\n\t<meta name=\"twitter:data1\" content=\"3 minutos\" \/>\r\n<script type=\"application\/ld+json\" class=\"yoast-schema-graph\">{\"@context\":\"https:\\\/\\\/schema.org\",\"@graph\":[{\"@type\":\"WebPage\",\"@id\":\"https:\\\/\\\/www.comapanuevolaredo.gob.mx\\\/sitio\\\/transparencia-2024\\\/directorio\\\/\",\"url\":\"https:\\\/\\\/www.comapanuevolaredo.gob.mx\\\/sitio\\\/transparencia-2024\\\/directorio\\\/\",\"name\":\"Directorio &#x1f4d2; - Comapa Nuevo Laredo\",\"isPartOf\":{\"@id\":\"https:\\\/\\\/www.comapanuevolaredo.gob.mx\\\/sitio\\\/#website\"},\"primaryImageOfPage\":{\"@id\":\"https:\\\/\\\/www.comapanuevolaredo.gob.mx\\\/sitio\\\/transparencia-2024\\\/directorio\\\/#primaryimage\"},\"image\":{\"@id\":\"https:\\\/\\\/www.comapanuevolaredo.gob.mx\\\/sitio\\\/transparencia-2024\\\/directorio\\\/#primaryimage\"},\"thumbnailUrl\":\"https:\\\/\\\/www.comapanuevolaredo.gob.mx\\\/sitio\\\/wp-content\\\/uploads\\\/2025\\\/11\\\/Dir-2560x1290-1-scaled.jpg\",\"datePublished\":\"2021-03-11T19:02:10+00:00\",\"dateModified\":\"2026-05-06T14:33:19+00:00\",\"breadcrumb\":{\"@id\":\"https:\\\/\\\/www.comapanuevolaredo.gob.mx\\\/sitio\\\/transparencia-2024\\\/directorio\\\/#breadcrumb\"},\"inLanguage\":\"es\",\"potentialAction\":[{\"@type\":\"ReadAction\",\"target\":[\"https:\\\/\\\/www.comapanuevolaredo.gob.mx\\\/sitio\\\/transparencia-2024\\\/directorio\\\/\"]}]},{\"@type\":\"ImageObject\",\"inLanguage\":\"es\",\"@id\":\"https:\\\/\\\/www.comapanuevolaredo.gob.mx\\\/sitio\\\/transparencia-2024\\\/directorio\\\/#primaryimage\",\"url\":\"https:\\\/\\\/www.comapanuevolaredo.gob.mx\\\/sitio\\\/wp-content\\\/uploads\\\/2025\\\/11\\\/Dir-2560x1290-1-scaled.jpg\",\"contentUrl\":\"https:\\\/\\\/www.comapanuevolaredo.gob.mx\\\/sitio\\\/wp-content\\\/uploads\\\/2025\\\/11\\\/Dir-2560x1290-1-scaled.jpg\",\"width\":2560,\"height\":1280,\"caption\":\"Directorio de Contacto\"},{\"@type\":\"BreadcrumbList\",\"@id\":\"https:\\\/\\\/www.comapanuevolaredo.gob.mx\\\/sitio\\\/transparencia-2024\\\/directorio\\\/#breadcrumb\",\"itemListElement\":[{\"@type\":\"ListItem\",\"position\":1,\"name\":\"Home\",\"item\":\"https:\\\/\\\/www.comapanuevolaredo.gob.mx\\\/sitio\\\/\"},{\"@type\":\"ListItem\",\"position\":2,\"name\":\"Transparencia &#x1f50d;\",\"item\":\"https:\\\/\\\/www.comapanuevolaredo.gob.mx\\\/sitio\\\/transparencia-2024\\\/\"},{\"@type\":\"ListItem\",\"position\":3,\"name\":\"Directorio &#x1f4d2;\"}]},{\"@type\":\"WebSite\",\"@id\":\"https:\\\/\\\/www.comapanuevolaredo.gob.mx\\\/sitio\\\/#website\",\"url\":\"https:\\\/\\\/www.comapanuevolaredo.gob.mx\\\/sitio\\\/\",\"name\":\"Comapa Nuevo Laredo\",\"description\":\"Servicio y distribuci\u00f3n de agua potable y drenaje, planta potabilizadora en NLD, a orillas del R\u00edo Bravo, en la Frontera Norte de Tamaulipas, M\u00e9xico\",\"publisher\":{\"@id\":\"https:\\\/\\\/www.comapanuevolaredo.gob.mx\\\/sitio\\\/#organization\"},\"potentialAction\":[{\"@type\":\"SearchAction\",\"target\":{\"@type\":\"EntryPoint\",\"urlTemplate\":\"https:\\\/\\\/www.comapanuevolaredo.gob.mx\\\/sitio\\\/?s={search_term_string}\"},\"query-input\":{\"@type\":\"PropertyValueSpecification\",\"valueRequired\":true,\"valueName\":\"search_term_string\"}}],\"inLanguage\":\"es\"},{\"@type\":\"Organization\",\"@id\":\"https:\\\/\\\/www.comapanuevolaredo.gob.mx\\\/sitio\\\/#organization\",\"name\":\"Comapa Nuevo Laredo\",\"url\":\"https:\\\/\\\/www.comapanuevolaredo.gob.mx\\\/sitio\\\/\",\"logo\":{\"@type\":\"ImageObject\",\"inLanguage\":\"es\",\"@id\":\"https:\\\/\\\/www.comapanuevolaredo.gob.mx\\\/sitio\\\/#\\\/schema\\\/logo\\\/image\\\/\",\"url\":\"https:\\\/\\\/www.comapanuevolaredo.gob.mx\\\/sitio\\\/wp-content\\\/uploads\\\/2025\\\/02\\\/cropped-512.jpg\",\"contentUrl\":\"https:\\\/\\\/www.comapanuevolaredo.gob.mx\\\/sitio\\\/wp-content\\\/uploads\\\/2025\\\/02\\\/cropped-512.jpg\",\"width\":512,\"height\":512,\"caption\":\"Comapa Nuevo Laredo\"},\"image\":{\"@id\":\"https:\\\/\\\/www.comapanuevolaredo.gob.mx\\\/sitio\\\/#\\\/schema\\\/logo\\\/image\\\/\"},\"sameAs\":[\"https:\\\/\\\/www.facebook.com\\\/comapa.nuevolaredo\\\/\",\"https:\\\/\\\/x.com\\\/ComapaNvoLaredo\",\"https:\\\/\\\/www.instagram.com\\\/comapanld\\\/\"]}]}<\/script>\r\n<!-- \/ Yoast SEO plugin. -->","yoast_head_json":{"title":"Directorio &#x1f4d2; - Comapa Nuevo Laredo","robots":{"index":"index","follow":"follow","max-snippet":"max-snippet:-1","max-image-preview":"max-image-preview:large","max-video-preview":"max-video-preview:-1"},"canonical":"https:\/\/www.comapanuevolaredo.gob.mx\/sitio\/transparencia-2024\/directorio\/","og_locale":"es_ES","og_type":"article","og_title":"Directorio &#x1f4d2; - Comapa Nuevo Laredo","og_description":"DIRECTORIO COMAPA &#x1f4d2; GERENCIA GENERAL NOMBRE &#x1f464; CARGO &#x1faaa; TEL &#x260e;&#xfe0f; EXT &#x1f4de; CORREO INSTITUCIONAL &#x1f4e7; ARQ. SILVIA ARIADNA FERNANDEZ GALLARDO BOONE GERENTE GENERAL 867.8900.900 1903 gerencia.general@comapanld.mx LIC. ANA GABRIELA TORRES SANDOVAL RECEPCION 867.8900.900 1900 recepcion.gerencia@comapanld.mx MTR. DENISSE ELIZABETH MORENO ORTIZ GESTORA DE ATENCION GERENCIA GENERAL 867.8900.900 1998 atencion.usuarios@comapanld.mx C.P. JUAN JOS\u00c9 G\u00d3MEZ MALDONADO AUDITOR [&hellip;]","og_url":"https:\/\/www.comapanuevolaredo.gob.mx\/sitio\/transparencia-2024\/directorio\/","og_site_name":"Comapa Nuevo Laredo","article_publisher":"https:\/\/www.facebook.com\/comapa.nuevolaredo\/","article_modified_time":"2026-05-06T14:33:19+00:00","og_image":[{"width":2560,"height":1280,"url":"https:\/\/www.comapanuevolaredo.gob.mx\/sitio\/wp-content\/uploads\/2025\/11\/Dir-2560x1290-1-scaled.jpg","type":"image\/jpeg"}],"twitter_card":"summary_large_image","twitter_site":"@ComapaNvoLaredo","twitter_misc":{"Tiempo de lectura":"3 minutos"},"schema":{"@context":"https:\/\/schema.org","@graph":[{"@type":"WebPage","@id":"https:\/\/www.comapanuevolaredo.gob.mx\/sitio\/transparencia-2024\/directorio\/","url":"https:\/\/www.comapanuevolaredo.gob.mx\/sitio\/transparencia-2024\/directorio\/","name":"Directorio &#x1f4d2; - Comapa Nuevo Laredo","isPartOf":{"@id":"https:\/\/www.comapanuevolaredo.gob.mx\/sitio\/#website"},"primaryImageOfPage":{"@id":"https:\/\/www.comapanuevolaredo.gob.mx\/sitio\/transparencia-2024\/directorio\/#primaryimage"},"image":{"@id":"https:\/\/www.comapanuevolaredo.gob.mx\/sitio\/transparencia-2024\/directorio\/#primaryimage"},"thumbnailUrl":"https:\/\/www.comapanuevolaredo.gob.mx\/sitio\/wp-content\/uploads\/2025\/11\/Dir-2560x1290-1-scaled.jpg","datePublished":"2021-03-11T19:02:10+00:00","dateModified":"2026-05-06T14:33:19+00:00","breadcrumb":{"@id":"https:\/\/www.comapanuevolaredo.gob.mx\/sitio\/transparencia-2024\/directorio\/#breadcrumb"},"inLanguage":"es","potentialAction":[{"@type":"ReadAction","target":["https:\/\/www.comapanuevolaredo.gob.mx\/sitio\/transparencia-2024\/directorio\/"]}]},{"@type":"ImageObject","inLanguage":"es","@id":"https:\/\/www.comapanuevolaredo.gob.mx\/sitio\/transparencia-2024\/directorio\/#primaryimage","url":"https:\/\/www.comapanuevolaredo.gob.mx\/sitio\/wp-content\/uploads\/2025\/11\/Dir-2560x1290-1-scaled.jpg","contentUrl":"https:\/\/www.comapanuevolaredo.gob.mx\/sitio\/wp-content\/uploads\/2025\/11\/Dir-2560x1290-1-scaled.jpg","width":2560,"height":1280,"caption":"Directorio de Contacto"},{"@type":"BreadcrumbList","@id":"https:\/\/www.comapanuevolaredo.gob.mx\/sitio\/transparencia-2024\/directorio\/#breadcrumb","itemListElement":[{"@type":"ListItem","position":1,"name":"Home","item":"https:\/\/www.comapanuevolaredo.gob.mx\/sitio\/"},{"@type":"ListItem","position":2,"name":"Transparencia &#x1f50d;","item":"https:\/\/www.comapanuevolaredo.gob.mx\/sitio\/transparencia-2024\/"},{"@type":"ListItem","position":3,"name":"Directorio &#x1f4d2;"}]},{"@type":"WebSite","@id":"https:\/\/www.comapanuevolaredo.gob.mx\/sitio\/#website","url":"https:\/\/www.comapanuevolaredo.gob.mx\/sitio\/","name":"Comapa Nuevo Laredo","description":"Servicio y distribuci\u00f3n de agua potable y drenaje, planta potabilizadora en NLD, a orillas del R\u00edo Bravo, en la Frontera Norte de Tamaulipas, M\u00e9xico","publisher":{"@id":"https:\/\/www.comapanuevolaredo.gob.mx\/sitio\/#organization"},"potentialAction":[{"@type":"SearchAction","target":{"@type":"EntryPoint","urlTemplate":"https:\/\/www.comapanuevolaredo.gob.mx\/sitio\/?s={search_term_string}"},"query-input":{"@type":"PropertyValueSpecification","valueRequired":true,"valueName":"search_term_string"}}],"inLanguage":"es"},{"@type":"Organization","@id":"https:\/\/www.comapanuevolaredo.gob.mx\/sitio\/#organization","name":"Comapa Nuevo Laredo","url":"https:\/\/www.comapanuevolaredo.gob.mx\/sitio\/","logo":{"@type":"ImageObject","inLanguage":"es","@id":"https:\/\/www.comapanuevolaredo.gob.mx\/sitio\/#\/schema\/logo\/image\/","url":"https:\/\/www.comapanuevolaredo.gob.mx\/sitio\/wp-content\/uploads\/2025\/02\/cropped-512.jpg","contentUrl":"https:\/\/www.comapanuevolaredo.gob.mx\/sitio\/wp-content\/uploads\/2025\/02\/cropped-512.jpg","width":512,"height":512,"caption":"Comapa Nuevo Laredo"},"image":{"@id":"https:\/\/www.comapanuevolaredo.gob.mx\/sitio\/#\/schema\/logo\/image\/"},"sameAs":["https:\/\/www.facebook.com\/comapa.nuevolaredo\/","https:\/\/x.com\/ComapaNvoLaredo","https:\/\/www.instagram.com\/comapanld\/"]}]}},"_links":{"self":[{"href":"https:\/\/www.comapanuevolaredo.gob.mx\/sitio\/wp-json\/wp\/v2\/pages\/10164","targetHints":{"allow":["GET"]}}],"collection":[{"href":"https:\/\/www.comapanuevolaredo.gob.mx\/sitio\/wp-json\/wp\/v2\/pages"}],"about":[{"href":"https:\/\/www.comapanuevolaredo.gob.mx\/sitio\/wp-json\/wp\/v2\/types\/page"}],"author":[{"embeddable":true,"href":"https:\/\/www.comapanuevolaredo.gob.mx\/sitio\/wp-json\/wp\/v2\/users\/10"}],"replies":[{"embeddable":true,"href":"https:\/\/www.comapanuevolaredo.gob.mx\/sitio\/wp-json\/wp\/v2\/comments?post=10164"}],"version-history":[{"count":20,"href":"https:\/\/www.comapanuevolaredo.gob.mx\/sitio\/wp-json\/wp\/v2\/pages\/10164\/revisions"}],"predecessor-version":[{"id":13972,"href":"https:\/\/www.comapanuevolaredo.gob.mx\/sitio\/wp-json\/wp\/v2\/pages\/10164\/revisions\/13972"}],"up":[{"embeddable":true,"href":"https:\/\/www.comapanuevolaredo.gob.mx\/sitio\/wp-json\/wp\/v2\/pages\/13050"}],"wp:featuredmedia":[{"embeddable":true,"href":"https:\/\/www.comapanuevolaredo.gob.mx\/sitio\/wp-json\/wp\/v2\/media\/13787"}],"wp:attachment":[{"href":"https:\/\/www.comapanuevolaredo.gob.mx\/sitio\/wp-json\/wp\/v2\/media?parent=10164"}],"curies":[{"name":"wp","href":"https:\/\/api.w.org\/{rel}","templated":true}]}}